3 + 2*f**2 + f - 26. Calculate w(4).
1
Suppose 0 = 5*x + 5*f + 5, -x + 2*x - 5*f = -1. Suppose 0 = -2*p + 5*p - 6. Let i(o) = -1 + 3*o + 0*o + p*o + 0*o. Calculate i(x).
-6
Let y(x) = -11*x**2 - 13*x - 29. Let v(i) = -5*i**2 - 6*i - 14. Let h(m) = -13*v(m) + 6*y(m). Calculate h(0).
8
Let l(d) = d**3 + 6*d**2 + 6*d + 4. Let w(o) = -o - 18. Let f be w(-13). Determine l(f).
-1
Let n(j) = j**2 + 2*j + 6. Suppose 2*v + 7 = -3*q + v, 2*q + 4*v = 12. Determine n(q).
14
Let b = -6 + 4. Let h = b - 1. Let f(k) = -k - 3*k - 4 + 2*k + 3*k. Determine f(h).
-7
Let y(z) be the second derivative of -z**5/20 - z**3/6 - 5*z**2/2 - 6*z. Calculate y(0).
-5
Suppose -10 = 5*a - 5*c, -2*a + a = c - 6. Let d(r) = a*r**2 + 2 + 3*r**3 + r**2 - 2*r**3. Determine d(-3).
2
Suppose -4*g = -2*g - 4. Let o(r) = r**2 - g*r**2 + 8 - 13 + 0*r**2 - 6*r. Give o(-4).
3
Let l(n) = -14*n**2 - 4*n - 1. Let x(c) = -5*c**2 - c. Let z(t) = 6*l(t) - 17*x(t). Give z(8).
2
Let a(v) = v**3 - 6*v**2 - 7*v + 2. Let m be a(7). Let f(x) = -5*x - 1. Let o(u) = 5*u. Let c(g) = m*f(g) + 3*o(g). Calculate c(2).
8
Let m = -6 + 7. Let i(p) = p - 1. What is i(m)?
0
Let i be (5*(-3)/9)/((-6)/18). Let z(q) = 1 + 0*q**2 - q**2 + 8*q - 2*q. Give z(i).
6
Let q(a) = 29*a + 0*a**3 - 2*a**2 + 1 - a**3 + 2 - 26*a. Calculate q(-3).
3
Let i(n) be the first derivative of -13*n**2/2 - n + 11. Give i(-1).
12
Let w(l) = -2*l + 5. Let n(q) = 3*q - 8. Let y(a) = -5*n(a) - 8*w(a). Determine y(6).
6
Let q(m) = m + 1. Suppose 0 = s + 2*g + 4 - 2, -4*s + 5*g = -18. Suppose -t + s*t + 4 = 0. Determine q(t).
-3
Let s(p) = 13*p - 5. Let y(z) = -20*z + 8. Let m(u) = 8*s(u) + 5*y(u). Suppose -3*f + 4*t = -51, 0 = -t - 4*t - 15. Let c = 11 - f. Determine m(c).
-8
Let p = 85 + -81. Let m(x) = -x**2 + 7*x - 7. Determine m(p).
5
Let o(d) = d**3 - 3*d**2 - 2*d - 2. Let n be (-3)/12 - (-63)/12. Suppose t + 1 - n = 0. Determine o(t).
6
Let m(v) = -v - 11. Suppose 0 = -l - 5 - 1. Calculate m(l).
-5
Let x be 3*(4/(-6) - 0). Let c(l) be the third derivative of l**6/120 + l**5/20 + l**4/24 + l**2 + 3*l. Calculate c(x).
2
Let j(v) = 5*v**2 - 11 + 1 - 2*v + 7 + 4 - v**3. Give j(4).
9
Suppose -4*z - 17 = -5*t, 2*z - t = -z - 10. Let o(v) = -2*v + v + 5 - 4. Calculate o(z).
4
Let g(v) = -2*v**2 + 9*v - 7. Let q(f) = f**2 - f - 1. Let d(w) = -g(w) - q(w). Calculate d(7).
1
Let x(q) = -2*q + 8. Let t = -13 - -3. Let w = -4 - t. Give x(w).
-4
Let z be (-1 + -2)/12*-4. Let y(k) = -k**3 - 1. Let o be y(z). Let d(l) = l**3 + l**2 - 3*l - 1. What is d(o)?
1
Suppose -v = -0*v - 3*y - 7, 0 = -4*v - 4*y + 12. Suppose v*a = a + 21. Let d(k) = 2*k - 5. Give d(a).
9
Let c(w) be the second derivative of w**5/60 + w**4/24 - w**3/2 + 5*w**2/2 + 5*w. Let h(v) be the first derivative of c(v). What is h(0)?
-3
Let x(v) = 3*v**2 + v + 1. Let j(w) = -w**2 - 5*w - 1. Let a be j(-5). Calculate x(a).
3
Suppose -25 = -5*d, d = 2*h + 3*d - 24. Let x(g) = g**3 - 8*g**2 + 5*g + 10. Calculate x(h).
-4
Let z(h) = 4*h + 6. Let v(k) be the second derivative of -k**4/12 - k**3/2 - 2*k**2 + 4*k. Let b be v(-3). Determine z(b).
-10
Let y(i) = -i**3 + 3. Let n(j) = -j**2 + 8*j - 4. Let f be (-2)/((-2)/16*2). Let t be n(f). Let p be 10/25 + t/10. What is y(p)?
3
Let x(w) = -7*w**2 - 3*w - w**3 + 10 - w - 3. Let y be x(-6). Let n(k) = k**3 + 6*k**2 + 6*k - 3. Determine n(y).
-8
Let h be (18/21)/(3/21). Let o = 4 - h. Let b(i) = -i**2 - 2*i + 1. What is b(o)?
1
Suppose a + 2*a = 21. Let s(w) = 4*w**2 - 6*w - 6. Let u(f) = -3*f**2 + 6*f + 7. Let i(k) = -2*s(k) - 3*u(k). What is i(a)?
-2
Let o(x) = x**3 + 5*x**2 - x. Let t be o(-4). Suppose 5*n = q - t, 2*n = -5*q + 3*q + 4. Let j(k) = -3*k - 4. Give j(n).
5
Let b = -10 - -10. Let w = 3 + -5. Let f(l) = l + 1. Let n(j) = -5*j - 6. Let m(s) = w*n(s) - 11*f(s). What is m(b)?
1
Let t(p) = p + 6. Let k be t(-5). Let s be ((0 - k)/1)/1. Let w(q) = -1 - q**2 - 5*q**3 + 0 + q**3 + 3*q**2. Give w(s).
5
Let i(j) be the third derivative of j**6/120 + j**5/10 + 7*j**4/24 + j**3/3 + 20*j**2. Let l = -4 - 1. Calculate i(l).
-8
Let t(o) = -3*o**2. Let b(q) = 4*q**2 + q + 1. Let h(p) = 2*b(p) + 3*t(p). What is h(-4)?
-22
Let d(t) = -7*t - 10. Let m(b) = -3*b - 5. Let s(x) = -2*d(x) + 5*m(x). Give s(-7).
2
Suppose 6*l = 2*l. Suppose l = 6*j - j - 20. Let x(z) = j - 1 + 3*z - 1. Give x(-2).
-4
Let x(u) be the third derivative of u**6/120 - u**4/12 + u**3/6 + 2*u**2. Let g be (-28)/(-12) - 1/3. Calculate x(g).
5
Suppose 2*y + 9 = -3*o - 3, 2*y + 4 = o. Let z(w) be the second derivative of w**5/10 + w**4/3 + 2*w**3/3 + 3*w**2/2 + w. Give z(o).
-5
Let r(k) = -k**3 - 2*k**2 + 4*k + 1. Let f be r(-3). Let h(v) = -6*v**2 + 7*v**2 - 3*v - 2 - 4*v**2. Calculate h(f).
-8
Let x(m) = -5*m**3 + 8*m + 2. Let l(i) = -i**3 + i**2 + i + 1. Let f(w) = 6*l(w) - x(w). Calculate f(6).
-8
Let s(u) = 0*u + 0*u + 8 - 9 - u**2. Determine s(2).
-5
Let a = 7 - 1. Let m(b) = -b - 7*b**3 + 2*b**3 + 0 + 3 + 4*b**3 + 6*b**2. Give m(a).
-3
Let l(b) = -b**2 + b - 5. Let s be 3 + (2 - -1)*-1. Calculate l(s).
-5
Let o(n) = 2*n. Let l be o(1). Let g(p) = -3*p**2 + 3*p**2 - 6*p - p**l - 7. Determine g(-5).
-2
Let h(y) = y - 6. Let l be 0*-4*(-4)/32. What is h(l)?
-6
Suppose -2*n + 6*n - 16 = 0. Let m(t) = -5*t**2 + t - 1. Let p(q) = -q**2 - q. Let d(v) = -m(v) + 4*p(v). Give d(n).
-3
Let g be (-34)/(-5) + (-1)/(-5). Let z(w) = 2*w - 7. Give z(g).
7
Let q = -36 + 42. Let f(l) = 3*l - 9. Calculate f(q).
9
Let h be (-1)/(-1 + 2/4). Suppose -2*y + h*l + 1 + 7 = 0, -y + 2*l = -6. Let p(o) = -2*o + 2*o + 3*o - 1 - y*o. Determine p(1).
0
Let a(d) = -d + 3. Let k be (-4)/(-6)*(13 - 1). Suppose k = -3*p - 4. Let v be p/22 + (-10)/(-55). Give a(v).
3
Let l(o) be the second derivative of o**3/6 - 11*o**2/2 + 2*o + 10. Calculate l(11).
0
Let k(a) be the first derivative of -a**7/84 - a**6/360 + a**5/120 + a**4/24 - 4*a**3/3 - 4. Let w(s) be the third derivative of k(s). Calculate w(-1).
9
Let x(c) = c**2 + c + 2. Let l be 5*(-1 + 14/10). Give x(l).
8
Let q = 10 + -15. Let s(l) = -4*l**2 - l + 3. Let i(d) = d**2 - d + 1. Let h(c) = 3*i(c) + s(c). Calculate h(q).
1
Let x(o) be the first derivative of o**3/3 + 2*o**2 + 3*o - 1. Suppose -2*k = 3*n - 6 - 12, -4*k + 30 = 3*n. Let u = -11 + k. What is x(u)?
8
Let x(w) = -10*w**2 - 6*w + 9. Let j(a) = -7*a**2 - 4*a + 6. Let m(c) = -7*j(c) + 5*x(c). Let s(k) = k**3 - 4*k**2 + 3*k - 1. Let z be s(2). What is m(z)?
0
Let z be (-1 + 5)/(-2) - 3. Let q(c) = c**3 + 5*c**2 + 2*c + 6. Let b be q(z). Let r = -8 - b. Let y(l) = l**2 + 2*l + 2. Determine y(r).
10
Let s(y) be the first derivative of -1/2*y**2 + 2 + 7*y. Calculate s(6).
1
Let v be -2 + 18/2 - (-9)/(-3). Let w(g) = -g**3 + 5*g**2 - 3*g - 1. Give w(v).
3
Let y(s) = s**3 - 7*s**2 + 8*s - 8. Suppose 20 = 4*z + z. Suppose -5*h + z*d = -50, 2*h + 0*h - 17 = d. Give y(h).
4
Suppose 19 = 3*d + 1. Let v(t) = -t + 8. Calculate v(d).
2
Let k(c) = c + 3. Let q(t) = t**2 + 7*t + 6. Let f be q(-4). Give k(f).
-3
Suppose 0 = 26*k - 29*k + 3. Let g(y) = 2*y**3 + 2*y**2 - 2*y + 1. What is g(k)?
3
Let w(d) = -d**3 - 6*d**2 - 3*d + 4. Suppose -y + 2*j + 1 = 0, -3*j = -3*y - 0*y - 6. Calculate w(y).
-6
Let c(y) = -y**3 - 5*y**2 + 4*y - 2. Suppose 5*m = 4*i + 29, m - 6*m = -i - 11. Calculate c(i).
10
Let w = -1 - 3. Let u be (-28)/(-10) + (-2)/(-10). Let n = u + w. Let y(x) = -10*x - 1. Calculate y(n).
9
Suppose 0 = 3*d + 26*d - 145. Let u(v) = v - 6. Let g = 12 + -1. Let l(n) = 5*n - 30. Let m(b) = g*u(b) - 2*l(b). Calculate m(d).
-1
Let w(n) = 2*n**2 - 5*n + 6. Let p be w(2). Let t(a) = -a**2 + 5. Calculate t(p).
-11
Suppose 2*h + 2*h - 3*q + 25 = 0, 2*h - 2*q + 14 = 0. Let y(a) = 1 + 3*a + 12*a**2 - 13*a**2 - 5*a. Determine y(h).
-7
Let k(g) = 2*g**3 + 12*g**2 - 3*g - 11. Let r be k(-6). Let u(s) = -3*s + 3. Give u(r).
-18
Let w(y) = y + 2. Suppose 0 = 5*q + 1 + 19. Give w(q).
-2
Let w(a) be the third derivative of a**2 + 0*a + 0 + 11/6*a**3 + 1/20*a**5 - 5/12*a**4. Let p(x) = 2*x**2 - 5*x + 6. Let u(i) = 5*p(i) - 3*w(i). Give u(-4).
-7
Let c(s) = -257*s - s**2 + 4 - 15 + 257*s. Give c(0).
-11
Let y be 2/1*(-1 - -2). Let j(g) = -g**2 + 2*g - 1. Determine j(y).
-1
Let t(l) = 2*l**3 - 3*l**2 - 2. Let j(n) be the first derivative of -n**4/4 + n**3/3 + n - 2. Let y(d) = 5*j(d) + 2*t(d). Determine y(1).
-1
Let b = -